and k?
58
Suppose 17*b = 32*b - 795. Let k be -5*(0 + 1) + b. Calculate the highest common factor of 6 and k.
6
Let a(i) = -10*i. Let j be a(-6). Suppose -55*m = 29*m - 2016. What is the highest common factor of m and j?
12
Let o(h) = -h**3 - 3*h**2 + 2*h - 5. Let m be o(-4). Suppose 0 = 3*z - 33 - m. Suppose 39*s = 33*s + z. What is the highest common divisor of s and 3?
1
Let g(f) = -f**2 + 15*f + 59. Let d = -153 + 171. Let r be g(d). Calculate the greatest common divisor of r and 135.
5
Let q be 58/(-116) - (-5205)/6. Calculate the greatest common factor of 1173 and q.
51
Let w = 57 - 54. Let u(p) = 2*p**2 - 3*p - 2. Let s be u(w). Suppose z - 37 = -4*b, 5*b - 2*z = 23 + s. Calculate the highest common divisor of b and 2.
2
Suppose 2*a - 864 = -16*o + 12*o, -4*a + 1703 = 3*o. Suppose -a*g + 416*g = -78. What is the greatest common divisor of g and 65?
13
Let q be (-42)/105 + 82/5. Let i be (8/6)/(q/888). Calculate the highest common factor of i and 111.
37
Suppose 6*k + 6 = 18. Let p(w) = -w - 31. Let m be p(0). Let v = -26 - m. Calculate the greatest common factor of k and v.
1
Let b(v) = 184*v + 841. Let i be b(10). What is the greatest common divisor of i and 35?
7
Let a = 127 - 193. Let r = a + 69. Suppose -4*v + 9*v = 10, -r*v = 4*u - 54. What is the greatest common factor of 12 and u?
12
Let i = -2313 + 2315. Let x(c) = -c. Let v(s) = -s**3 - 6*s**2 + s + 4. Let r be v(-6). Let q be x(r). What is the greatest common divisor of i and q?
2
Suppose 40 = 22*h - 70. Suppose 3*q + h*p = 678 + 250, 4*p + 1184 = 4*q. Calculate the highest common divisor of 129 and q.
43
Suppose 2*o = 3*o. Let f be o + -2*50/(-4). Let i = 221 + -196. Calculate the greatest common divisor of f and i.
25
Suppose 0 = -4*r + 4*l + 432, -3*r + 0*r - 6*l = -378. Calculate the greatest common divisor of r and 1786.
38
Let w = 521 + -323. Let j(m) = 3*m**2 + m - 4. Let c be j(-2). Suppose 7*g - c*g - 22 = 0. Calculate the highest common divisor of w and g.
22
Let c be 12/(-12 - -13) - -27. What is the greatest common divisor of c and 4043?
13
Let f(i) = -i**3 + 12*i**2 + 18*i + 374. Let x be f(0). What is the greatest common divisor of 4301 and x?
187
Let i(y) = 3*y**2 - 7*y + 3. Let f be i(6). Suppose 5*a - 734 = -f. Let l be (-684)/(-84) + 88/(-77). What is the highest common divisor of a and l?
7
Let d(t) = 7*t**2 + 136*t - 117. Let w be d(-22). What is the greatest common divisor of w and 12?
3
Let v = -488 - -287. Let k = -185 - v. What is the highest common factor of 16 and k?
16
Let p be (-30)/5 - 0/(-1). Let h(n) = 101*n**3 + 8*n + 8*n**2 - 5*n + 32 + 6*n - 100*n**3 + 5*n. Let w be h(p). What is the greatest common divisor of w and 12?
4
Suppose -4*p - 13 - 3 = 0, 3*p = 3*h - 132. Let z = -172 + 262. What is the greatest common divisor of h and z?
10
Let h(o) = 35 + 4*o - o - 8. Let k = -104 + 104. Let n be h(k). What is the greatest common divisor of 9 and n?
9
Let q(z) = z**2 + 18*z - 16. Let o be q(-19). Suppose -5*k + 160 = -5*i, 2 = -2*k + o*k + 5*i. What is the greatest common factor of 3 and k?
3
Suppose 8*p = 14*p - 30. Suppose 0 = -p*r, -2*r - 9 = -3*k - 7*r. What is the highest common divisor of 84 and k?
3
Let w be 82 + (-6 - 10)/4. Let g be 13/5 - (-9)/(-15). Suppose -g*j - 11 = -37. Calculate the highest common factor of w and j.
13
Let o(h) = 2*h**2 + 6*h - 22. Let u be o(12). Suppose u + 620 = j + 2*v, -5*v - 2896 = -3*j. What is the highest common divisor of j and 37?
37
Suppose 101580*z + 8256 = 101592*z. Calculate the greatest common divisor of 368 and z.
16
Let l(h) = 3*h**2 - h - 34. Let b = 306 - 301. Let z be l(b). Calculate the greatest common factor of z and 162.
18
Suppose -5*x + 25 = -2*p, -5*x + 8*p - 9*p = -25. Calculate the greatest common factor of 241 and x.
1
Suppose 30 = k + t + 18, 3*t = -k + 14. Let f be (-36)/(-5) + (-2)/10. Suppose f*a - 4*a = 3. What is the greatest common divisor of k and a?
1
Let d = -374 - -380. Suppose 32 + 202 = d*x. Calculate the greatest common divisor of x and 13.
13
Let g(a) = -2*a**3 - 6 + 15 + 0 - 3*a**2 - 7 - 3*a - 5. Let r = -9 + 6. Let h be g(r). What is the highest common factor of h and 22?
11
Let u be (-40)/15 - (-5 + 473/(-129)). Let w = 0 + 2. Suppose 12 = 4*o + w*c - 0, -o + 12 = -4*c. What is the greatest common divisor of u and o?
2
Let o be (5/2)/((-1)/(-6)). Let b be (10/o)/(8/(-6))*-6. Suppose -b*d + 8*d + 1 = 3*x, -2*d - 20 = -4*x. Calculate the greatest common divisor of x and 70.
7
Let j be ((-1 + 1 - -1) + -5 - -3) + 3. Calculate the highest common factor of j and 343.
1
Suppose -x = -k + 39, 5*k + 253 = 12*k + 3*x. Calculate the highest common divisor of 4736 and k.
37
Let l be 1482 + 201/(-33) + (-8)/968*-11. What is the greatest common factor of l and 123?
123
Let s = 18373 + -18355. What is the highest common factor of s and 8523?
9
Let w(r) = 63*r + 11. Let s(h) = -64*h - 12. Let y(v) = -5*s(v) - 6*w(v). Let a be y(-3). Let f = 51 + -27. What is the greatest common factor of f and a?
24
Let z = -3085 + 3117. What is the greatest common divisor of 8 and z?
8
Suppose 10*o + 175 = 17*o. Suppose -6*k + k = -200. Let i = k + 235. What is the highest common factor of i and o?
25
Let s(a) = -a**2 - 37*a + 624. Let z be s(11). What is the highest common divisor of z and 1472?
32
Let i(f) = f**2 + 9*f - 4. Let a be i(-12). Let p(q) = 67*q**2 + q + 1. Let l be p(1). Let c = l + -21. Calculate the highest common factor of c and a.
16
Let p(l) = -5*l + 65. Let g be p(10). Suppose 56 = -g*s + 29*s. What is the highest common factor of 172 and s?
4
Let d be (-2)/8 + (-541)/(-4). Let f be 5 + 1 + -3 - 54/(-90)*70. What is the highest common factor of f and d?
45
Let y be (-5 - -1)/(294/(-1323)). What is the highest common factor of y and 6?
6
Let j be -27 - -139 - (0 + 5). Calculate the highest common divisor of 321 and j.
107
Suppose 3*l = -5*z + 558, 37*l = 35*l + 12. What is the greatest common divisor of 96 and z?
12
Let p(t) = -2*t**3 - 45*t**2 - 163*t - 14. Let x be p(-18). Calculate the greatest common factor of 482 and x.
2
Suppose 0 = -16*a + 21*a - 100. Suppose -19*h = -17*h - a. Calculate the highest common divisor of h and 105.
5
Let s(c) = 3*c**2 + 481*c - 1940. Let j be s(4). What is the greatest common factor of 204 and j?
4
Let q = 178 - 173. Let h be 6/(-15)*1395/(-3). Suppose 76 - h = -q*j. Calculate the greatest common divisor of j and 11.
11
Suppose j = -2*v + 3 - 7, 2 = 2*v. Let k be (j/24)/(3 + (-277)/92). Calculate the highest common divisor of 69 and k.
23
Let p(h) = -h + 350. Let q be p(34). Suppose -q = 6*z - 796. What is the greatest common factor of 32 and z?
16
Let n(d) = d**2 + 14*d + 49. Let x be n(-7). Suppose 9*g = 4*g. Suppose 40 = k - x*y - 2*y, g = -y - 2. What is the highest common factor of k and 288?
36
Let c(j) = 103*j**2 - 96*j - 926. Let t be c(-22). Calculate the greatest common divisor of t and 302.
302
Let j(t) = t**2 + 7*t + 14. Let z be j(-6). Let c = 33 - -17. Let v = c + -34. Calculate the highest common factor of z and v.
8
Let o(r) = 47*r + 311. Let q be o(10). Calculate the highest common divisor of 213 and q.
71
Let u(s) = 10*s**2 - 6*s + 16. Let m be u(-5). Let c(a) = -19*a - 128. Let j be c(-8). What is the highest common divisor of m and j?
8
Let r(w) = 2*w**3 - 83*w**2 - 13*w - 1186. Let m be r(42). Calculate the highest common divisor of 6416 and m.
16
Let g(a) = 8*a**3 + 5*a**2 - 73*a + 4. Let c be g(4). Calculate the highest common divisor of c and 856.
8
Suppose -14*d - 18*d + 25*d = -8281. What is the highest common divisor of d and 14?
7
Let a(p) = 13*p**2 - 2*p + 1. Let b be a(1). Suppose -103*k = -81*k - 717 - 427. Calculate the highest common factor of b and k.
4
Suppose -8*g + 6760 = 5*g. Let r = g - 310. Calculate the highest common factor of r and 20.
10
Suppose -1833 = -17*k + 76 - 209. What is the highest common factor of 725 and k?
25
Let m = 44 - 38. Suppose 31*r - 3375 = -14*r. What is the highest common divisor of r and m?
3
Suppose 15*a + 5355 = -6*a. Let b be ((-8)/(-5))/(6/a)*-4. What is the greatest common divisor of b and 16?
16
Suppose -n + 4*c + 80 = 0, -192 = -5*n - 3*c + 162. Suppose n = -39*j + 45*j. What is the greatest common divisor of j and 6?
6
Let m = -9478 - -10314. What is the highest commo